reatest common divisor of b and 5?
5
Let a be (-3 - (1 + -7))*7. Let n = -407 + 435. What is the highest common divisor of n and a?
7
Suppose v - 11852 - 753 = -5*c, 5 = -v. Calculate the highest common divisor of c and 26.
26
Suppose 0 = 5*t - 2*y - 1943, 2*t + 4*y = 153 + 605. Calculate the highest common factor of 43 and t.
43
Let a = 459 - 441. Calculate the highest common factor of 27 and a.
9
Let o be ((-33)/(-12))/(93/(-48) - -2). Let l = -42 - -83. Suppose -j = -5*n - 15 - 6, 3*j = 4*n + l. Calculate the greatest common divisor of j and o.
11
Suppose 0 = -5*w + 1099 + 296. Let s be (5/3 - (-8)/(-4))*-93. Calculate the greatest common factor of s and w.
31
Let k be (-3 - -740) + -4 + (-5 - -1). What is the greatest common divisor of 27 and k?
27
Let f = 11 - 8. Suppose -4*n + 4 = 0, -2*d + 32 = f*d + 2*n. What is the greatest common divisor of d and 12?
6
Let d = 1817 + -1268. What is the highest common factor of d and 36?
9
Let n = -16 + 12. Let w be (-12)/n - 5 - -32. Calculate the greatest common divisor of w and 15.
15
Let b(n) = -84*n**2 - 5*n - 3. Let s be b(-1). Let m = 112 + s. What is the highest common factor of m and 150?
30
Suppose -48 = -5*u + 2*b, -4*u - 4*b = -8*b - 48. Calculate the highest common divisor of u and 648.
8
Let b = 170 + -112. What is the greatest common divisor of b and 2?
2
Let u be (-60)/(-8)*(0 + 2). Let k = -150 + 62. Let a = -43 - k. What is the highest common divisor of a and u?
15
Suppose -m - 1 = 0, 5*q - 3*m - 3 + 50 = 0. Let g(k) = 2*k**2 - 2*k - 12. Let l be g(q). What is the highest common divisor of l and 26?
26
Let n = -501 - -528. Calculate the highest common divisor of n and 27.
27
Suppose 13 + 8 = 3*x. Suppose -8 = -p + 2*y, x*y - 6*y - 14 = -4*p. Calculate the highest common divisor of p and 28.
4
Let m(t) = -t. Let h(r) = -1. Let k(n) = -n + 7. Let u(a) = 2*h(a) + 2*k(a). Let b be u(11). Let g be m(b). What is the highest common factor of g and 110?
10
Let w be (-12)/20*(-3680)/48. Calculate the greatest common factor of w and 2162.
46
Let q be ((-5)/20)/((-6)/(406*12)). Calculate the greatest common factor of 377 and q.
29
Let z(t) = -t + 1. Let q(j) = -10*j**2 + 9*j - 4. Let b(o) = -q(o) - 6*z(o). Let i be b(-1). Calculate the highest common divisor of 55 and i.
11
Suppose 3*k = 2*i - 5*i + 75, 0 = 3*i + k - 83. Let f = -25 + i. Let r = 33 - f. What is the greatest common divisor of 29 and r?
29
Let p(h) = 69*h + 1. Let i be (6/9)/((-2)/(-3)). Let a be p(i). Suppose 0 = -2*s - 0*s + a. What is the highest common divisor of s and 14?
7
Let o = 30 + -36. Let g be -2 + 4 + 10 + o. Calculate the highest common factor of 4 and g.
2
Suppose 0 = 2*d - 2*l - 16, 3*d - 3*l - 24 = -4*l. Let c(p) = -p**2 - 81*p + 258. Let g be c(-84). Calculate the highest common factor of d and g.
2
Let b(u) = 14*u**2 + 5*u + 11. Let j be b(-2). What is the greatest common factor of j and 133?
19
Let r(b) = -b**3 + b. Let d be r(-1). Suppose d = 7*w - 90 - 36. Let l be -2 + (49 - 2/1). Calculate the greatest common divisor of w and l.
9
Let f(b) = b**3 + 2*b**2 - 3*b. Let t be f(2). Let h = 2 + t. Let j be h*((-2)/6 - -1). What is the greatest common divisor of j and 4?
4
Let g be ((-1)/(-1))/(2/10). Let f be -6*g/(-1)*1. Let w be 2 + 4 + 14*10/35. Calculate the greatest common divisor of f and w.
10
Suppose 46*v - 1400 = 11*v. Suppose 2*u = u + 10. What is the highest common factor of u and v?
10
Let s(m) = -18*m - 47. Let u be s(-9). What is the greatest common factor of 10 and u?
5
Let q be (-28)/(-6)*5*(-78)/(-455). Calculate the greatest common divisor of q and 10.
2
Suppose -63 = -184*s + 177*s. What is the greatest common factor of s and 27?
9
Let x = -61 + 81. Calculate the highest common factor of 130 and x.
10
Suppose -20*m = -2*m - 4644. What is the highest common divisor of m and 6?
6
Let b = 1113 - 1052. What is the greatest common factor of 61 and b?
61
Let v(p) = -p + 59. Let s be v(51). Suppose -2*u - 328 - 76 = -5*t, -4*t = -3*u - 326. Calculate the highest common divisor of s and t.
8
Let z = -7 + 22. Let s = 15 + z. Calculate the highest common factor of s and 80.
10
Let w be 6 - 8*2/12*3. Suppose 24*t = 23*t + w. Calculate the greatest common divisor of t and 22.
2
Suppose 574 = 5*z + 224. Let x(q) = 73*q + 379. Let k be x(-5). Calculate the greatest common factor of z and k.
14
Let t be -1 + 4/6 - 136/6. Let n = t + 47. What is the greatest common divisor of n and 48?
24
Let w(c) = -2*c**3 - 2*c**2 - 8*c - 28. Let f be w(-3). Calculate the highest common divisor of 56 and f.
8
Suppose 695*g = 689*g + 492. What is the greatest common divisor of g and 3198?
82
Suppose q - 74 = -16. Suppose q = 4*j + 2*l, -4*l + 4 + 16 = 0. Calculate the greatest common factor of j and 18.
6
Let a be (-11)/2 - (-18810)/180. Calculate the highest common divisor of a and 231.
33
Let x = 18 + -16. Let s(f) = -f**3 + 0*f**3 + 5 - 3 - 6*f**x. Let o be s(-6). Calculate the highest common divisor of o and 4.
2
Let a be 150/39 - (-10)/65. Suppose 0 = -a*q + 55 - 7. What is the highest common divisor of q and 24?
12
Let t(p) = 148*p - 100. Let m be t(2). What is the highest common factor of m and 245?
49
Let d(a) = 52*a - 23. Let p be d(2). What is the highest common factor of p and 9?
9
Suppose -3*v = -127 - 5. Suppose g = r + 16, 2*g - 6 - 14 = -2*r. Suppose -5*p + 33 - g = 0. What is the highest common divisor of v and p?
4
Let s = -65 - -98. Suppose 2*m = -5*l - m + 22, 0 = -l - 3*m + 14. Let c be 26 - (6/l + 1). What is the highest common factor of s and c?
11
Let t = 19 + -15. Suppose 5*s + 49 = 3*j + 15, -t*s - 56 = -4*j. Calculate the highest common divisor of j and 3.
3
Let u = 39 + -35. Suppose 4*q = u*j - 396, 0 = -2*q + q. What is the greatest common factor of 33 and j?
33
Suppose 270 = -2*b - g - g, 0 = 5*b + g + 659. Let a = b + 227. What is the greatest common divisor of a and 12?
12
Let a = 2501 - 821. Suppose 5*m = m + a. Let n be ((-4)/6)/((-7)/m). What is the greatest common factor of n and 5?
5
Let t(k) = k**3 - 12*k**2 + 9*k + 27. Let q be t(11). Suppose 0 = n - 5*p - 36, -q*p = -5*n + 27 + 133. What is the greatest common divisor of 93 and n?
31
Let s = 250 + -16. What is the highest common factor of s and 18?
18
Suppose 0 = j - 3*j - 5*r - 21, 5*j = r - 66. Let u = -41 - j. Let b = u - -34. What is the highest common divisor of 2 and b?
2
Suppose 2*j - 2*x = -8 + 72, x = 4. What is the highest common divisor of 10 and j?
2
Let m(g) = -2*g - 6*g + 1 - 23*g - 45*g. Let b be m(-1). Let t = 2 - -9. Calculate the greatest common divisor of t and b.
11
Let q = -101 - -192. Let m = q + -7. What is the highest common factor of m and 12?
12
Suppose -2*i - 4*h - 18 = 0, 0 = 2*i + 2*h + 21 + 1. Let s be (i/39)/((-2)/(-18)). Let t be (s - 2)/(1/(-2)). Calculate the greatest common factor of 2 and t.
2
Let f be 4/14 - 14/49. Let q be 3 - f - 1 - -142. Let h be (32/(-10))/((-1)/5). What is the greatest common divisor of h and q?
16
Let i = -1 + 1. Suppose -2*l + 0*w + 126 = 3*w, i = -2*l + w + 110. Calculate the highest common divisor of 19 and l.
19
Let b be ((-4)/6)/(6 + -4)*-3. Let r(x) = 48*x. Let z be r(b). What is the highest common divisor of 36 and z?
12
Let f(x) = -39*x - 53. Let k be f(-2). What is the greatest common divisor of k and 1225?
25
Suppose 4*k - 4*f = 112 + 416, -f = -3*k + 396. What is the highest common divisor of 220 and k?
44
Suppose -2*x = -5*y + 199, 18 = y + 2*x - 17. Suppose -5*j = -2*j - 18. Let r be (j - (-3 + -1)) + 3. What is the greatest common divisor of y and r?
13
Let o(l) = 4*l**2 - 30*l - 4. Let s be o(8). Suppose 0 = -4*b - 5*q + s, 2*q = -b + 6*q + 3. Calculate the greatest common factor of b and 3.
3
Let c be 9 + (-2820)/(-78) + (-2)/13. What is the highest common factor of c and 72?
9
Suppose 0 = -3*p - 0*p + 24. Let l be 2 + 684/8 - 1/(-2). Calculate the greatest common divisor of l and p.
8
Suppose 11*l - 16*l = 0. Suppose l*r - 25 = -3*z + 2*r, 8 = -4*r. Let b be (2 - -3) + 0 + 2. Calculate the greatest common factor of z and b.
7
Let k be (1/(-2))/(-1 - (-622)/624). Suppose -4*d + k = 3*y, -32 = -3*d - 4*y + 78. What is the highest common divisor of 42 and d?
42
Suppose 4*d = 53 + 23. Let y = -2797 - -2835. Calculate the greatest common divisor of d and y.
19